-1213110201
In base 13, what is 175 + c?
184
In base 3, what is 2200 - 22201120?
-22121220
In base 15, what is 26e - e?
260
In base 16, what is de - -2ee?
3cc
In base 14, what is 2 + -108?
-106
In base 10, what is 2 - 84861?
-84859
In base 5, what is 2232344 - -2?
2232401
In base 8, what is 6350 - 55?
6273
In base 9, what is 318463 + 4?
318467
In base 5, what is 3 - -20204142?
20204200
In base 14, what is -5dd + -2d?
-62c
In base 11, what is 849 - -46?
894
In base 16, what is -1769 - 103?
-186c
In base 4, what is 3 - 3120001?
-3113332
In base 6, what is -1 - -31242?
31241
In base 10, what is -1 + 75015?
75014
In base 2, what is 100001100100010 - -11?
100001100100101
In base 3, what is 0 + -221102010?
-221102010
In base 16, what is -771878 - -5?
-771873
In base 8, what is 2741 + 15?
2756
In base 11, what is 139a4a - -1?
139a50
In base 10, what is 1 - -18296?
18297
In base 12, what is -5 + 7171?
7168
In base 3, what is 2200201101 - -12?
2200201120
In base 16, what is 2 - -1df44?
1df46
In base 6, what is -1 - -210312?
210311
In base 8, what is -323300 + -5?
-323305
In base 2, what is -1101111111 + -11010?
-1110011001
In base 12, what is 0 - -41b043?
41b043
In base 15, what is 23 - -cc8c?
ccb0
In base 11, what is 74a + 363?
1002
In base 12, what is 10b7 + -1?
10b6
In base 6, what is -1243552 - -11?
-1243541
In base 11, what is -4 - 104726?
-10472a
In base 5, what is -4 - -304120?
304111
In base 5, what is -2001433 + 423?
-2001010
In base 14, what is 4541 + 7?
4548
In base 10, what is -1004 + -38?
-1042
In base 9, what is 112128 - 5?
112123
In base 10, what is 262883 - -11?
262894
In base 7, what is 60 + -23523?
-23433
In base 6, what is 1042 + -13302?
-12220
In base 8, what is -35 + 77676?
77641
In base 15, what is -19 + -2cc1?
-2cda
In base 2, what is 11 + -110011111110011011?
-110011111110011000
In base 2, what is -110111001011101 - -11001?
-110111001000100
In base 14, what is 1470 + 5ab?
1a3b
In base 4, what is -1001031 + -2113?
-1003210
In base 3, what is 122222212 - -11?
200000000
In base 14, what is 3 - 86b?
-868
In base 10, what is 1001127 - -3?
1001130
In base 15, what is bb0c3 - -5?
bb0c8
In base 13, what is -ba - 2310?
-23ca
In base 13, what is -2bb + 1c?
-29c
In base 14, what is 5 - 9542?
-953b
In base 6, what is 5 - -1031?
1040
In base 14, what is 23993 - 1?
23992
In base 16, what is 9e5f - 2?
9e5d
In base 16, what is 10c8 + -1b?
10ad
In base 10, what is -309 - -576?
267
In base 2, what is 0 + -101001110001110011?
-101001110001110011
In base 9, what is 1164 - -12?
1176
In base 4, what is 10 + 1003103133?
1003103203
In base 5, what is -410 - -114?
-241
In base 16, what is -2 + 323e8?
323e6
In base 9, what is -117 + 757?
640
In base 4, what is -22013203 + -11?
-22013220
In base 7, what is 2516 + -1425?
1061
In base 7, what is 1411 - 51?
1330
In base 8, what is -6 + -143052?
-143060
In base 14, what is -b + 2c30?
2c23
In base 7, what is -36333 + -16?
-36352
In base 6, what is 10041245 - -1?
10041250
In base 16, what is 2d - -45c?
489
In base 14, what is 6 + -28d83?
-28d7b
In base 6, what is -1255 + -4?
-1303
In base 7, what is 501 - 126?
342
In base 12, what is 33938 + -6?
33932
In base 4, what is -1230011 - 1302?
-1231313
In base 2, what is 101001011000111 + 11?
101001011001010
In base 16, what is 1645b + -5?
16456
In base 13, what is -42 - -66?
24
In base 14, what is 4c - -167?
1b5
In base 9, what is 2 + -78461?
-78458
In base 6, what is 14422054 + 10?
14422104
In base 11, what is 1435 + 2a?
1464
In base 4, what is 10300 - 2121?
2113
In base 3, what is -100 + -10001110001?
-10001110101
In base 3, what is 10 - -212111201?
212111211
In base 16, what is 1 - -5006?
5007
In base 2, what is 101 + 11010010101001?
11010010101110
In base 5, what is 102004200 + -1?
102004144
In base 13, what is -1c179 - 1?
-1c17a
In base 7, what is -120 - 200?
-320
In base 11, what is -4203 + 61?
-4152
In base 11, what is -138 - -5a5?
468
In base 15, what is -cc2a - -6d?
-cbac
In base 9, what is -3205 - -77?
-3117
In base 11, what is -47a583 + 5?
-47a579
In base 14, what is -76 + 6a9d?
6a27
In base 8, what is -17 - -2146?
2127
In base 12, what is -5 + 115a3?
1159a
In base 16, what is 1134 - -1?
1135
In base 14, what is -14b16 + 5?
-14b11
In base 13, what is 39c - 63?
339
In base 7, what is -26255 - 300?
-26555
In base 9, what is 3 - -67237?
67241
In base 8, what is -124 + 551?
425
In base 16, what is -2 + 1bd0?
1bce
In base 2, what is 11 + 11001100111001001?
11001100111001100
In base 10, what is -506120 + 1?
-506119
In base 11, what is 5265 - 38?
5228
In base 10, what is -512312 - -4?
-512308
In base 7, what is -126633 - -2?
-126631
In base 7, what is 1 - -225210?
225211
In base 11, what is 13 - -a230?
a243
In base 7, what is 666 - 14055?
-13056
In base 16, what is 12 + -873?
-861
In base 11, what is 43 - 4866?
-4823
In base 10, what is 3 - -144526?
144529
In base 12, what is 5 + -9017?
-9012
In base 10, what is -27265 + -1?
-27266
In base 4, what is -2100333 - -103?
-2100230
In base 2, what is 1010 - -1001111000111110?
1001111001001000
In base 16, what is 5 - 4acd?
-4ac8
In base 8, what is 21741 - -217?
22160
In base 13, what is -c34 + 40?
-bc4
In base 12, what is -387 - 437?
-802
In base 2, what is -110100001 + 1011000?
-101001001
In base 4, what is 12332 + -11223?
1103
In base 15, what is -47 + c66?
c1e
In base 2, what is -11000000001 - 10111?
-11000011000
In base 16, what is 47 - -1c8?
20f
In base 15, what is 7b8 + -3e?
779
In base 3, what is 120 + 211110000?
211110120
In base 3, what is -1 + 2022211010?
2022211002
In base 5, what is -24 - 21243413?
-21243442
In base 7, what is 13 + -243051?
-243035
In base 8, what is 5467662 + 2?
5467664
In base 16, what is -1c532 + 4?
-1c52e
In base 11, what is -119526 - -5?
-119521
In base 9, what is 1556680 - -3?
1556683
In base 2, what is -1100001 - -1001111000000111?
1001110110100110
In base 10, what is -316 - -12424?
12108
In base 9, what is -1407124 - 1?
-1407125
In base 2, what is 0 - 1001101110010001?
-1001101110010001
In base 4, what is 20 + 11310303?
11310323
In base 11, what is 8421 - -5?
8426
In base 4, what is -20 - 3232103?
-3232123
In base 13, what is -5 - -8241?
8239
In base 8, what is 5 + -252122?
-252115
In base 13, what is 3 - a72ab?
-a72a8
In base 3, what is -122211000 - -1101?
-122202122
In base 10, what is 10068 + 6?
10074
In base 9, what is -155 + 72?
-73
In base 7, what is -14536310 - 2?
-14536312
In base 13, what is 90 + -56b?
-4ab
In base 16, what is 10 + -2d1?
-2c1
In base 9, what is -15 + -1636?
-1652
In base 8, what is -413473 + 1?
-413472
In base 10, what is -9 + -464787?
-464796
In base 13, what is 3032 - -119?
314b
In base 15, what is 5a4 + -95?
50e
In base 15, what is 2c527 + -3?
2c524
In base 13, what is 2a - -90?
ba
In base 9, what is -35038 + 3?
-35035
In base 15, what is -9 - -786a?
7861
In base 3, what is -10102 + -220022102?
-220102211
In base 14, what is 1a53a9 + 1?
1a53aa
In base 9, what is -306378 - -11?
-306367
In base 2, what is 11001 + -1100000101?
-1011101100
In base 12, what is -a207 + -1?
-a208
In base 2, what is -100101101 - -10101101000100?
10101000010111
In base 5, what is 22232111 - 10?
22232101
In base 9, what is 86 - 1025?
-828
In base 14, what is 483 - 0?
483
In base 4, what is -1320 + 30220?
22300
In base 16, what is 1 - -61d14?
61d15
In base 5, what is -234 - -22241?
22002
In base 12, what is 222 + -2?
220
In base 12, what is -467 + 177?
-2b0
In base 5, what is 3214404 + 2?
3214411
In base 12, what is -35037 + 6?
-35031
In base 3, what is 0 + 21220122?
21220122
In base 6, what is -1 - 4235235?
-4235240
In base 3, what is 112122 + 12100?
201222
In base 5, what is -102301 - 43?
-102344
In base 10, what is -1 + -487235?
-487236
In base 16, what is -65 - 6f1?
-756
In base 10, what is -471 + -971?
-1442
In base 11, what is -3 - 7480?
-7483
In base 14, what is -111a5 + 9?
-1119a
In base 10, what is 187 - -115?
302
In base 6, what is -1203 - -4432?
3225
In base 2, what is 1100110110 + -100011100?
1000011010
In base 4, what is 1303021201 + 11?
1303021212
In base 15, what is 24e4 + -b?
24d8
In base 11, what is 1 + 3993?
3994
In base 16, what is 2 + 62a73?
62a75
In base 11, what is 7227 + 3?
722a
In base 13, what is -1 + -3b57c?
-3b580
In base 15, what is 41 - -9?
4a
In ba